2962?
True
Does 11 divide 175043?
True
Is 127523 a multiple of 12?
False
Is 4136025 a multiple of 11?
False
Is 28 a factor of 486113?
False
Is 103 a factor of 2489922?
True
Does 73 divide 30404?
False
Does 110 divide 2781277?
False
Is 22 a factor of 294996?
False
Is 15334 a multiple of 82?
True
Is 3606845 a multiple of 9?
False
Is 2577 a factor of 17688528?
True
Is 116 a factor of 145992?
False
Does 11 divide 194865?
True
Is 181249 a multiple of 6?
False
Is 103122 a multiple of 3?
True
Does 376 divide 348176?
True
Is 2813800 a multiple of 1279?
True
Is 73990 a multiple of 14?
True
Is 1945140 a multiple of 20?
True
Is 1989663 a multiple of 257?
False
Is 14367132 a multiple of 468?
True
Does 25 divide 14113?
False
Is 137350 a multiple of 205?
True
Does 27 divide 7696134?
True
Does 81 divide 364662?
True
Is 1094175 a multiple of 310?
False
Is 158205 a multiple of 597?
True
Is 5 a factor of 898953?
False
Does 15 divide 4704207?
False
Does 39 divide 2751651?
False
Is 7382852 a multiple of 28?
False
Is 668548 a multiple of 279?
False
Does 54 divide 8461331?
False
Is 10691355 a multiple of 303?
True
Is 789 a factor of 28958937?
False
Does 11 divide 1245453?
True
Is 20 a factor of 382280?
True
Does 23 divide 3389763?
True
Is 385 a factor of 457580?
False
Is 333936 a multiple of 36?
True
Does 5 divide 33449?
False
Does 8 divide 68382?
False
Does 21 divide 401734?
False
Is 642732 a multiple of 57?
True
Does 149 divide 58855?
True
Does 8 divide 3028733?
False
Does 60 divide 300279?
False
Does 86 divide 2623353?
False
Does 114 divide 1482912?
True
Is 561100 a multiple of 20?
True
Is 16950495 a multiple of 267?
True
Is 1713860 a multiple of 50?
False
Is 193750 a multiple of 5?
True
Is 100 a factor of 80201?
False
Is 1212402 a multiple of 9?
False
Is 2 a factor of 928857?
False
Does 34 divide 1173408?
True
Is 23 a factor of 15904489?
False
Is 129456 a multiple of 346?
False
Is 153129 a multiple of 3?
True
Is 1788825 a multiple of 255?
True
Does 10 divide 7790?
True
Is 605 a factor of 13555488?
False
Does 172 divide 87907?
False
Does 13 divide 7465867?
False
Is 2060634 a multiple of 11?
False
Is 1164 a factor of 1861367?
False
Does 6 divide 371094?
True
Is 26451 a multiple of 9?
True
Is 12056808 a multiple of 29?
True
Is 127310 a multiple of 25?
False
Does 80 divide 138205?
False
Does 8 divide 22938?
False
Does 3 divide 4864212?
True
Is 283 a factor of 2893540?
False
Is 20227 a multiple of 10?
False
Is 182436 a multiple of 160?
False
Is 268 a factor of 165190?
False
Does 45 divide 195191?
False
Does 5 divide 203194?
False
Does 8 divide 107464?
True
Is 5 a factor of 1520985?
True
Does 21 divide 115563?
True
Is 7 a factor of 23338?
True
Is 87 a factor of 170617?
False
Is 15 a factor of 2758035?
True
Is 1761712 a multiple of 8?
True
Is 62 a factor of 816604?
False
Is 684540 a multiple of 180?
True
Is 157 a factor of 167424?
False
Is 25 a factor of 54400?
True
Does 43 divide 594583?
False
Does 346 divide 879?
False
Is 108724 a multiple of 11?
True
Is 429 a factor of 623810?
False
Does 63 divide 206577?
True
Does 146 divide 175054?
True
Is 190112 a multiple of 13?
True
Is 24738102 a multiple of 54?
True
Is 2335 a multiple of 17?
False
Is 1903 a factor of 3882479?
False
Is 138144 a multiple of 4?
True
Is 4 a factor of 64008?
True
Is 890564 a multiple of 4?
True
Does 32 divide 708096?
True
Does 13 divide 1296256?
True
Is 167 a factor of 407345?
False
Does 30 divide 155640?
True
Is 88 a factor of 868824?
True
Is 7844750 a multiple of 10?
True
Is 762 a factor of 2662428?
True
Is 79824 a multiple of 57?
False
Does 7 divide 2214532?
False
Does 101 divide 2194895?
False
Does 153 divide 222358?
False
Is 430 a factor of 2463900?
True
Does 12 divide 599662?
False
Does 321 divide 532250?
False
Is 386 a factor of 453164?
True
Is 382 a factor of 595179?
False
Is 216294 a multiple of 39?
True
Is 788372 a multiple of 12?
False
Is 826515 a multiple of 9?
True
Is 87360 a multiple of 2?
True
Does 38 divide 2758774?
False
Is 343 a factor of 5050315?
False
Does 23 divide 74682?
False
Is 148 a factor of 169756?
True
Is 734930 a multiple of 48?
False
Does 692 divide 3387340?
True
Does 8 divide 22816?
True
Does 181 divide 648161?
True
Is 11 a factor of 176935?
True
Is 20 a factor of 127520?
True
Is 2729736 a multiple of 62?
True
Is 24393241 a multiple of 1719?
False
Is 25 a factor of 40800?
True
Is 3702414 a multiple of 146?
True
Is 51081 a multiple of 43?
False
Does 309 divide 25375389?
True
Does 265 divide 2657087?
False
Does 23 divide 543201?
False
Is 5 a factor of 680350?
True
Is 881 a factor of 924169?
True
Is 1228 a factor of 15765133?
False
Is 3845800 a multiple of 688?
False
Is 1706624 a multiple of 16?
True
Is 19 a factor of 127470?
False
Is 11 a factor of 28790?
False
Is 22167376 a multiple of 77?
True
Is 801 a factor of 10736333?
False
Is 24 a factor of 126564?
False
Is 57000 a multiple of 30?
True
Is 8 a factor of 325589?
False
Is 296 a factor of 182928?
True
Is 7221573 a multiple of 247?
False
Does 46 divide 8194841?
False
Does 4 divide 629793?
False
Is 1434 a factor of 2526708?
True
Is 920685 a multiple of 5?
True
Does 63 divide 557612?
False
Is 224 a factor of 23289280?
True
Is 22 a factor of 667392?
True
Is 4468 a multiple of 4?
True
Does 381 divide 3611880?
True
Is 16 a factor of 46?
False
Is 60915 a multiple of 5?
True
Does 64 divide 297695?
False
Is 28 a factor of 382480?
True
Is 336 a factor of 211432?
False
Does 361 divide 249090?
True
Is 527285 a multiple of 38?
False
Does 210 divide 602070?
True
Is 195072 a multiple of 241?
False
Is 26 a factor of 1025752?
True
Is 164903 a multiple of 79?
False
Does 36 divide 8110188?
True
Does 39 divide 14110239?
True
Is 27727 a multiple of 105?
False
Does 262 divide 1943778?
True
Does 361 divide 57038?
True
Does 227 divide 22682981?
False
Is 45657 a multiple of 27?
True
Is 52 a factor of 208052?
True
Is 41541 a multiple of 183?
True
Is 10 a factor of 771001?
False
Is 782 a factor of 118720?
False
Is 3382113 a multiple of 354?
False
Is 310844 a multiple of 186?
False
Is 68 a factor of 690744?
True
Is 24 a factor of 2598384?
True
Is 279851 a multiple of 65?
False
Is 10 a factor of 1767330?
True
Is 220 a factor of 2006840?
True
Is 1792835 a multiple of 183?
False
Does 101 divide 517616?
False
Does 180 divide 64571?
False
Does 262 divide 17554?
True
Is 157440 a multiple of 96?
True
Is 24 a factor of 3623139?
False
Is 18 a factor of 352728?
True
Does 92 divide 1077320?
True
Does 9 divide 62585?
False
Is 13 a factor of 3111340?
False
Does 7 divide 613932?
False
Does 218 divide 701960?
True
Is 1188 a multiple of 9?
True
Is 1674432 a multiple of 68?
True
Is 422 a factor of 289492?
True
Does 151 divide 723880?
False
Is 14 a factor of 325472?
True
Does 399 divide 68628?
True
Does 146 divide 1037914?
True
Is 138 a factor of 10154730?
True
Is 566 a factor of 105817?
False
Is 2244826 a multiple of 202?
True
Does 459 divide 423043?
False
Does 26 divide 2383654?
True
Does 431 divide 4594460?
True
Does 20 divide 4824314?
False
Is 100 a factor of 364037?
False
Is 7 a factor of 16261?
True
Is 269482 a multiple of 53?
False
Does 83 divide 19482157?
False
Is 437059 a multiple of 203?
True
Does 16 divide 1762513?
False
Is 2744172 a multiple of 12?
True
Is 1546560 a multiple of 135?
True
Does 12 divide 6386975?
False
Is 16 a factor of 1962?
False
Is 352728 a multiple of 284?
True
Is 33045 even?
False
Is 32 a factor of 193152?
True
Is 25770 even?
True
Is 85333 a multiple of 11?
False
Is 68 a factor of 51544?
True
Is 774 a factor of 7568172?
True
Is 555534 a multiple of 45?
False
Is 9 a factor of 1058848?
False
Is 404 a factor of 303311?
False
Is 140 a factor of 113120?
True
Is 1406 a factor of 5139966?
False
Is 60 a factor of 908315?
False
Does 5 divide 101295?
True
Does 322 divide 547770?
False
Is 3487167 a multiple of 235?
False
Does 19 divide 48402?
False
Is 13 a factor of 105827?
False
Is 139 a factor of 64635?
True
Does 548 divide 965603?
False
Does 26 divide 7969754?
True
Is 10 a factor of 43360?
True
Is 36 a factor of 2394000?
True
Is 214 a factor of 1812471?
False
Is 55 a factor of 189365?
True
Does 213 divide 3456564?
True
Is 1355540 a multiple of 16?
False
Is 481454 a multiple of 41?
False
Does 639 divide 14733160?
False
Is 10718155 a 